atest common factor of 13842 and 98586?
18
Calculate the greatest common divisor of 205997660 and 2530.
2530
What is the greatest common factor of 6804368 and 128?
16
Calculate the highest common divisor of 1331 and 56.
1
What is the highest common factor of 3366 and 167247?
9
Calculate the highest common factor of 23598 and 2014570.
874
Calculate the highest common divisor of 260598 and 172.
2
What is the highest common divisor of 70183014 and 264?
66
Calculate the highest common divisor of 730554471 and 108.
27
What is the greatest common factor of 4348296 and 598887?
1107
Calculate the greatest common factor of 86692406 and 148.
74
Calculate the greatest common factor of 4 and 331473.
1
Calculate the highest common divisor of 1035 and 486000.
45
Calculate the highest common divisor of 8131006 and 21229.
299
What is the greatest common divisor of 112892332 and 84?
28
What is the greatest common divisor of 6 and 1814919?
3
Calculate the highest common divisor of 707855800 and 5609.
5609
What is the greatest common factor of 9 and 2443911?
3
What is the greatest common factor of 127009113 and 5357?
5357
Calculate the greatest common divisor of 579208 and 1262.
2
Calculate the greatest common divisor of 92609 and 70711181.
8419
Calculate the highest common divisor of 2167151 and 4088.
511
What is the greatest common factor of 2293 and 461922557?
2293
Calculate the greatest common factor of 352335429 and 1953.
279
Calculate the highest common divisor of 1227 and 51392895.
1227
Calculate the greatest common divisor of 30206 and 41987.
11
Calculate the greatest common divisor of 1302180 and 748.
44
Calculate the highest common factor of 18819 and 17958861.
1107
Calculate the highest common divisor of 41268 and 9421593.
543
What is the highest common divisor of 42014 and 17864?
14
Calculate the highest common factor of 28361669 and 7.
7
Calculate the greatest common factor of 51935 and 13845.
65
What is the highest common divisor of 57475076 and 76?
76
Calculate the highest common factor of 306 and 25903410.
102
What is the greatest common divisor of 92640 and 16413492?
2316
What is the highest common factor of 1230046 and 17516?
302
Calculate the greatest common factor of 15428744 and 16.
8
What is the highest common divisor of 3536593 and 49217?
7031
What is the greatest common divisor of 4582323 and 45?
9
What is the highest common factor of 83473 and 579163?
13
Calculate the highest common factor of 226380 and 7600.
20
Calculate the highest common factor of 161086816 and 7744.
3872
Calculate the highest common factor of 1054 and 235786.
62
What is the greatest common divisor of 9269 and 4055246?
13
What is the greatest common divisor of 104 and 95842851?
13
What is the highest common divisor of 1790 and 115595?
5
What is the highest common factor of 17 and 101322601?
17
What is the highest common factor of 120 and 341256?
24
Calculate the highest common factor of 978046 and 14148.
262
Calculate the greatest common factor of 50 and 2497315775.
25
What is the highest common factor of 2303 and 1774437?
49
What is the greatest common divisor of 464084 and 206?
2
What is the greatest common factor of 14344 and 71016?
88
Calculate the greatest common factor of 2250 and 16854.
6
What is the highest common factor of 145 and 7648547?
29
Calculate the greatest common factor of 505 and 343055085.
505
What is the greatest common factor of 3987 and 832383?
9
What is the highest common divisor of 34039185 and 67541?
493
Calculate the greatest common divisor of 220374 and 689.
53
What is the highest common divisor of 65089855 and 85?
85
What is the highest common factor of 18 and 329910858?
18
What is the highest common divisor of 11590227 and 27?
9
What is the greatest common factor of 93193 and 48667?
41
Calculate the greatest common divisor of 126 and 38300346.
126
Calculate the greatest common factor of 1225154 and 112.
14
What is the greatest common divisor of 29608733 and 55174?
3941
Calculate the highest common divisor of 1029885 and 435.
15
What is the highest common divisor of 13530176 and 5632?
704
What is the greatest common divisor of 12201 and 1860943?
581
Calculate the highest common factor of 60 and 9568524.
12
What is the highest common divisor of 587203372 and 274?
274
Calculate the highest common divisor of 1383887 and 16468.
23
What is the greatest common factor of 17873258 and 52?
26
Calculate the highest common divisor of 190 and 128890.
10
Calculate the greatest common factor of 7475 and 642980.
65
Calculate the greatest common divisor of 552 and 152287692.
276
Calculate the highest common factor of 24893040 and 442320.
4560
Calculate the highest common factor of 101187 and 415.
1
What is the greatest common divisor of 1055 and 21122788?
211
Calculate the highest common factor of 260 and 18303290.
10
What is the highest common divisor of 6237 and 11091654?
567
Calculate the highest common divisor of 1980 and 3979620.
180
What is the greatest common factor of 1089 and 87945099?
363
Calculate the highest common factor of 15087 and 50371962.
321
Calculate the greatest common divisor of 10908342 and 35030.
7006
What is the greatest common factor of 442241747 and 213?
71
What is the highest common divisor of 8712 and 16050166?
242
What is the highest common divisor of 3228 and 49524?
12
What is the greatest common factor of 245970 and 413100?
270
Calculate the greatest common divisor of 266 and 48893327.
133
What is the highest common factor of 162 and 257758686?
162
What is the highest common factor of 3914 and 7179306?
206
Calculate the highest common factor of 30 and 15372795.
15
What is the greatest common divisor of 15594605 and 1911063?
8273
Calculate the highest common divisor of 8833 and 363832.
73
Calculate the highest common factor of 440 and 40620250.
110
What is the greatest common divisor of 2298791 and 106590?
3553
What is the highest common divisor of 17783534 and 526?
526
What is the greatest common divisor of 182 and 307137662?
26
What is the greatest common factor of 23785176 and 388?
388
Calculate the greatest common factor of 2900 and 2758675.
25
What is the highest common divisor of 7703666 and 46?
46
What is the greatest common factor of 1348174 and 2278?
134
What is the highest common factor of 150894295 and 4010?
2005
What is the greatest common factor of 7265054 and 1036468?
9778
Calculate the highest common divisor of 800538530 and 440.
110
Calculate the greatest common divisor of 21756 and 49134372.
3108
Calculate the highest common factor of 65 and 1672733465.
65
What is the highest common factor of 1691617 and 1191?
397
What is the greatest common factor of 1536975 and 4847733?
2277
Calculate the highest common divisor of 2357080 and 22869.
121
What is the highest common factor of 1065522175 and 3513?
1171
Calculate the highest common divisor of 65 and 640004105.
65
What is the greatest common divisor of 856766 and 1017?
113
What is the greatest common divisor of 230368 and 985688?
184
Calculate the highest common factor of 17676 and 32138.
2
What is the highest common divisor of 33972 and 9542109?
447
What is the highest common factor of 1940310 and 2070?
90
Calculate the highest common factor of 91 and 1017965.
13
Calculate the greatest common divisor of 778921 and 1414963.
4609
What is the highest common factor of 15404842 and 158?
158
Calculate the greatest common factor of 334060 and 540.
20
What is the highest common divisor of 18338226 and 6?
6
What is the greatest common divisor of 3 and 694457?
1
Calculate the greatest common factor of 2162 and 901828574.
2162
Calculate the greatest common factor of 22707 and 193752.
27
Calculate the highest common factor of 5299144 and 16.
8
Calculate the greatest common divisor of 427956 and 1200.
12
Calculate the greatest common divisor of 12500804 and 502.
502
Calculate the highest common divisor of 47429402 and 604.
302
Calculate the greatest common divisor of 67440823 and 19.
19
Calculate the greatest common divisor of 2255643 and 1040.
13
What is the highest common factor of 52193306 and 1694?
22
Calculate the greatest common divisor of 2114 and 28378.
14
Calculate the greatest common factor of 187 and 57400211.
187
Calculate the greatest common divisor of 100